alculate h(a).
-2
Let h(b) = 3*b**3 + 4*b**2 + 13*b - 1. Let t(q) = -2*q**3 - 5*q**2 - 12*q + 2. Let u = 30 - 26. Let m(y) = u*t(y) + 3*h(y). Calculate m(9).
5
Let r(w) = -w**2 + 7*w + 1. Let v be 20/8*(4 - 2). Suppose 22 - 87 = v*i. Let o = -6 - i. What is r(o)?
1
Let f(q) be the second derivative of -q**5/20 - 5*q**4/12 - 5*q**3/6 - 9*q**2/2 - 59*q - 4. Calculate f(-6).
57
Let s(d) = -d - 3. Let p be 3 + (-46)/(-10) - 10/(-25). Suppose 0 = p*a - 16 + 56. Give s(a).
2
Let b(s) be the first derivative of -s**3/2 - 3*s**2/2 + 35*s + 37. Let p(v) be the first derivative of b(v). Give p(5).
-18
Let s(g) = -15*g + 27. Let j be s(-17). Let u(o) = -j + 296 - 2*o + o. Determine u(0).
14
Let j(u) = -2*u. Suppose v = -2*v + 45. Suppose -5*h - 4*y + 5*y - 50 = 0, 0 = 3*y - v. Let z be (-2)/(-6) - 24/h. What is j(z)?
-6
Let a(u) be the third derivative of u**4/24 + u**3 - u**2. Let t = -10905 - -10900. What is a(t)?
1
Let l(c) be the second derivative of c**5/20 + 5*c**4/12 + c**3/3 - c**2 + c. Suppose 12*d - 2*d + 130 = 0. Let m = d + 11. Give l(m).
6
Let w(n) = 0*n + 13 + 0*n + n. Let p = -45 - -39. Determine w(p).
7
Let p(n) = -n**3 + 3*n**2 - n - 2. Let i be 1 - 1 - -8*(-9)/(-36). What is p(i)?
0
Let g(r) = 1 + 0 - 4 + 3*r + 116*r**3 + 5 - 117*r**3. Suppose 13 = -5*t + 3*l, 0*t + l - 3 = t. Determine g(t).
4
Let r(b) = 5*b**2 + 10*b - 6. Let w(q) = -2*q**2 - 2*q - 1. Let k(i) = r(i) + 2*w(i). Determine k(-6).
-8
Let t = 18 + -15. Let o(h) = -3 + 6*h - 13*h + t*h + 0*h. Determine o(-2).
5
Let y(h) = -11*h + 2. Let n be ((-3)/(-4))/((-84)/224). Calculate y(n).
24
Let p = -242 + 236. Let c(k) = -2*k - 7. Give c(p).
5
Suppose 17*o - 18*o + 2 = 0. Let t(w) = 6 + 0*w + o*w - 11 + 4 - 2*w**2. Calculate t(2).
-5
Let z(n) = n - 2. Let l(c) = -3*c - 6. Let j(a) = -8*a - 17. Let q(k) = 4*j(k) - 11*l(k). Let d(s) = -6*q(s) + 7*z(s). Calculate d(-5).
-7
Let k be 5*((-144)/40 + 4). Let f(g) = 2*g**2 - g**3 + g - 4*g + 6 - 5. Let i(a) = 2*a**3 - 4*a**2 + 6*a - 2. Let r(j) = -7*f(j) - 4*i(j). Determine r(k).
-5
Let f(z) be the second derivative of z**5/20 - z**3/6 + 6*z**2 + 80*z - 5. Let u be 0*2/4 + 0. Calculate f(u).
12
Suppose 0 = -l + j + 5, 3*j + 6 = 2*l - 5. Let h = l + -7. Let k(w) = -2*w + 11. Let d(f) = f - 5. Let i(q) = 5*d(q) + 2*k(q). Calculate i(h).
-6
Suppose 2 = -4*w - 14. Let x(n) = n**3 - 5. Let r(f) = -3*f**3 - 5*f**2 - 3*f + 11. Let c(a) = r(a) + 2*x(a). Calculate c(w).
-3
Let a(f) = f**3 + 5*f**2 + 4*f - 3. Let j be 3*1*1/(-3)*-31. Suppose 4*m = -j + 15, s = 4*m + 12. Calculate a(s).
-3
Let s(y) = -y**2 - 2*y + 3. Let u(n) = -n**2 - 10*n - 13. Let i be 1 + -4 - (2 - 5). Suppose i = x + 17 - 8. Let c be u(x). Give s(c).
-5
Let o(y) = -y**2 - 8*y - 3. Let l(b) = -b**2 + 12*b + 57. Let n be l(16). Determine o(n).
4
Let i be 1 + -1 - (-14 - 21). Let f(o) = o - 2*o + i + 2*o - 37. Determine f(-3).
-5
Let j(d) be the third derivative of d**4/12 + 7*d**3/6 - 9*d**2. Let q(b) = b + 1. Let w(o) = j(o) - 3*q(o). Calculate w(4).
0
Let y(m) = -m**2 - 2*m + 1. Let n = 26 + -26. Let b be y(n). Let d be -8 + 2 + 1/b. Let u(c) = c**3 + 4*c**2 - 3*c + 6. What is u(d)?
-4
Let v(j) = -7*j**2 + 1. Suppose 3*x - u = 6, 2*x + 4*u - 8 - 10 = 0. Suppose -6*k = -x*k - 9. Let g be 20/(-8) - k/(-2). What is v(g)?
-6
Let j(s) = 8 - 1238*s + 0 + 1236*s. Give j(7).
-6
Let v(c) be the third derivative of 25*c**2 + 0*c**3 + 0*c + 0 + 1/120*c**6 + 1/30*c**5 - 1/12*c**4. Give v(-3).
-3
Suppose -3*p = -2*y - 2*y + 149, 0 = y - 3*p - 44. Suppose -5 = -k, -a - y = a - 3*k. Let n be a/(-4) - (-2)/4. Let l(c) = -2*c**2 + 3*c + 1. Give l(n).
-8
Let r be (3 - (-24)/4) + -15. Let m(b) = 4*b + 16. Give m(r).
-8
Suppose -264 = -17*f - 7*f. Let v(o) = o - 10. Determine v(f).
1
Suppose -54 = t - 3*t. Let h = 29 - t. Let p(b) = -b + 3. Calculate p(h).
1
Let q(n) = -n**3 - 2*n**2 + 12*n - 12. Let o = 2164 + -2169. What is q(o)?
3
Let k(v) be the first derivative of -v**6/40 + v**4/24 + 11*v**2/2 - 15. Let h(g) be the second derivative of k(g). Let d = 0 + 1. Calculate h(d).
-2
Let s = 11 - 0. Let a(d) = 2*d**2 - d - 5. Let q(t) = t**2 - 2. Let p(o) = s*q(o) - 6*a(o). Determine p(7).
1
Let s(y) = -y**2 - 5*y + 8. Let v(i) = -2*i**2 - 9*i + 18. Let u(b) = 9*s(b) - 4*v(b). Calculate u(-10).
-10
Let s(k) = 25*k**3 - 2*k**2 - 5*k + 16. Let w(r) = -9*r**3 + r**2 + 2*r - 6. Let d(q) = -4*s(q) - 11*w(q). Determine d(-3).
8
Let c(a) = 9*a**2 - 1. Let d = -24 - -33. Suppose -s + d = -4*n, -3*n + 6*n + 3*s - 12 = 0. Give c(n).
8
Let s(o) = 2*o**3 + 4*o**2 - 2*o - 2. Let n(x) = -x**3 + x**2 + x + 3. Let c be n(3). Let y(f) = -4*f - 51. Let b be y(c). Give s(b).
-14
Let z(u) = -14*u**2 - 2*u - 1. Let b be ((-44)/(-6))/(6/9). Let x(h) = -9*h**2 - 7*h - 5 - 62*h**2 - 4*h. Let l(r) = b*z(r) - 2*x(r). Determine l(1).
-13
Suppose -3*n - 5*b = -112, 180 + 48 = 5*n - 2*b. Let q = n - 24. Let f be (q/1)/(-4) + -2. Let y(p) = p + 10. Determine y(f).
3
Let i(o) = 3*o**2 + o + 18. Let q(j) = 8*j**2 + 3*j + 51. Let w(h) = -11*i(h) + 4*q(h). Calculate w(5).
-14
Let r(f) be the first derivative of f**3/3 - 1. Suppose -26 = 3*v - 6*y + 2*y, -3*v + 5*y - 31 = 0. Let x be 7 + -9 + (4 - 0) + v. Give r(x).
0
Let x(z) be the third derivative of -z**5/60 + z**4/12 - z**3 + 161*z**2. What is x(4)?
-14
Let l(q) be the second derivative of 0*q**2 + 1/6*q**3 + 1/120*q**5 + 0 - 1/4*q**4 - 4*q. Let r(i) be the second derivative of l(i). Calculate r(6).
0
Let c(z) = 6*z**2 + 512*z**3 + 91*z - 82*z - 511*z**3 + 6. Calculate c(-3).
6
Let l(u) = -u**3 + 4*u**2 - 4*u + 3. Suppose 2*c + 168 = -2*h + 6*h, 3*c - 232 = -5*h. Suppose -t - h = -46. Give l(t).
3
Let m be 36/(-8) + 8 + (-1)/(-2). Let s(f) = -33*f + 70*f + 4 - 36*f. Calculate s(m).
8
Let y(r) be the third derivative of r**5/20 - r**4/24 + r**3/2 - 3*r**2 + 4*r. Calculate y(3).
27
Let v = -1012 - -1013. Let q(u) = 13*u - 1. Give q(v).
12
Let v(n) = -n. Suppose -5*m - 5*w = -4*m + 16, 3*m = -5*w - 8. Let c(g) = -m + 1 - g + 2. Let r(d) = 4*c(d) - 5*v(d). Calculate r(-3).
-7
Let y(j) = j**3 + j**2 - 8*j - 5. Let d(z) = -4 - 5*z**3 - 17*z - 4 + z**2 + 7*z**3 - 3. Let x(k) = 2*d(k) - 5*y(k). Determine x(-4).
-5
Let y = -106 - -111. Let l(a) = 2*a**2 - 7*a - 12. Calculate l(y).
3
Let o(k) = -45*k + 28*k - 3*k**3 + 26*k + 2*k**3 + 9 - 7*k**2. Give o(-8).
1
Let z = 7306 - 7313. Let b(n) be the first derivative of n**2/2 + 6*n + 1. Calculate b(z).
-1
Let k(g) = -g + 2. Let i = 22 - 22. Suppose -4*o = -3*f - i*f, -2*o = -3*f + 6. Calculate k(o).
-1
Let y(b) = 4*b**2 - 8*b + 17. Let t(z) = -z**2 + 2*z - 4. Let d(w) = -9*t(w) - 2*y(w). Let f = -13 - -8. Let s = f - -9. Determine d(s).
10
Let f be (-12)/(-42) + 26*(-1)/(-7). Let j(q) = q + 2. Determine j(f).
6
Let m(i) = 9*i + 2. Let b(n) = 11*n - 1. Let f(k) = -5*b(k) + 6*m(k). What is f(8)?
9
Let t = -541 + 538. Let c(h) = 3. Let q(v) = -v**2 + 4*v + 4. Let r be q(4). Let p(l) = l + 4. Let a(u) = r*c(u) + t*p(u). Calculate a(-3).
9
Suppose -6 + 6 = -6*a. Let c(o) = 13*o + 3. Let i = 22 + -11. Let s(t) = -7*t - 1. Let y(l) = i*s(l) + 6*c(l). Give y(a).
7
Let k(t) = t**2 + 7*t - 12. Let f = 190 + -199. Give k(f).
6
Let f(i) = -i**2 - 3*i + 2. Let x be f(-3). Suppose 0 = 2*w + x*w. Suppose -h + w*h = -3. Let b(c) = -c**3 + 4*c**2 + c + 1. Calculate b(h).
13
Let d(r) = r**3 + 6*r**2 + 5*r - 1. Suppose -5*x + 6*x = -4. Give d(x).
11
Let f(k) = 0*k - 1 + k - 4*k. Let u(n) = -n + 6. Let s be u(2). Let w be (1*-1)/((s - -2)/6). What is f(w)?
2
Let v(n) = -n**3 - 1. Suppose 0 = 4*r - 44*d + 49*d + 28, 0 = r + 2*d + 10. Calculate v(r).
7
Let z = 51 - 24. Suppose -3 = 4*j - z. Let x(v) = v**2 - 9*v + 9. Determine x(j).
-9
Let c(p) = -p**3 - 9*p**2 - 11*p - 16. Suppose 30 = -4*x + h - 7, -4*x + 5*h = 57. Give c(x).
8
Suppose 14 - 20 = -2*i. Let p be 3*(i + (1 - 5 - -2)). Let r(w) = -w**3 + w**2 + w. Determine r(p).
-15
Let m be (-1 + -4 - -2)*(-2)/6. Let w(j) = 8*j**2 - 3*j + 3. Let s(z) = -8*z**2 + 4*z - 4. Let t(u) = 2*s(u) + 3*w(u). Give t(m).
8
Suppose 14 - 7 = -7*r. Let q(m) = -18*m**3 - 2*m - 1. Give q(r).
19
Let j(s) be the second derivative of -5/2*s**2 - 1/3*s**3 + 0 + 15*s. Give j(-4).
3
Let k(l) = -7*l + 3. Let z(j) = -20*j + 9. Let g(t) = 17*k(t) - 6*z(t). Let h(m) = -1 - 25*m + 13 + 23*m. Let r be h(5). Calculate g(r).
-1
Let j(x) = 